{"id":8486,"date":"2023-10-18T13:00:47","date_gmt":"2023-10-18T16:00:47","guid":{"rendered":"http:\/\/10.1.8.7\/?post_type=product&#038;p=8486"},"modified":"2023-11-27T08:20:04","modified_gmt":"2023-11-27T11:20:04","slug":"yg-delineador-en-lapiz-marron","status":"publish","type":"product","link":"https:\/\/www.sagrin.com\/index.php\/producto\/yg-delineador-en-lapiz-marron\/","title":{"rendered":"YG DELINEADOR EN L\u00c1PIZ MARR\u00d3N"},"content":{"rendered":"","protected":false},"excerpt":{"rendered":"<p>YG DELINEADOR EN L\u00c1PIZ MARR\u00d3N<\/p>\n","protected":false},"featured_media":8487,"template":"","meta":[],"pwb-brand":[197],"product_brand":[],"product_cat":[366,611],"product_tag":[367,373,374,301],"class_list":{"0":"post-8486","1":"product","2":"type-product","3":"status-publish","4":"has-post-thumbnail","6":"pwb-brand-youngirl","7":"product_cat-maquillaje-2","8":"product_cat-youngirl-maquillaje-2","9":"product_tag-delineador","10":"product_tag-lapiz","11":"product_tag-marron","12":"product_tag-youngirl-2","13":"sales-flash-overlay","14":"woocommerce-text-align-center","15":"woocommerce-image-align-center","16":"do-quantity-buttons","18":"first","19":"instock","20":"shipping-taxable","21":"product-type-simple"},"aioseo_notices":[],"brands":[{"id":197,"name":"YOUNGIRL","slug":"youngirl"}],"_links":{"self":[{"href":"https:\/\/www.sagrin.com\/index.php\/wp-json\/wp\/v2\/product\/8486","targetHints":{"allow":["GET"]}}],"collection":[{"href":"https:\/\/www.sagrin.com\/index.php\/wp-json\/wp\/v2\/product"}],"about":[{"href":"https:\/\/www.sagrin.com\/index.php\/wp-json\/wp\/v2\/types\/product"}],"wp:featuredmedia":[{"embeddable":true,"href":"https:\/\/www.sagrin.com\/index.php\/wp-json\/wp\/v2\/media\/8487"}],"wp:attachment":[{"href":"https:\/\/www.sagrin.com\/index.php\/wp-json\/wp\/v2\/media?parent=8486"}],"wp:term":[{"taxonomy":"pwb-brand","embeddable":true,"href":"https:\/\/www.sagrin.com\/index.php\/wp-json\/wp\/v2\/pwb-brand?post=8486"},{"taxonomy":"product_brand","embeddable":true,"href":"https:\/\/www.sagrin.com\/index.php\/wp-json\/wp\/v2\/product_brand?post=8486"},{"taxonomy":"product_cat","embeddable":true,"href":"https:\/\/www.sagrin.com\/index.php\/wp-json\/wp\/v2\/product_cat?post=8486"},{"taxonomy":"product_tag","embeddable":true,"href":"https:\/\/www.sagrin.com\/index.php\/wp-json\/wp\/v2\/product_tag?post=8486"}],"curies":[{"name":"wp","href":"https:\/\/api.w.org\/{rel}","templated":true}]}}