{"id":9080,"date":"2023-11-01T16:01:22","date_gmt":"2023-11-01T19:01:22","guid":{"rendered":"http:\/\/10.1.8.7\/?post_type=product&#038;p=9080"},"modified":"2023-11-27T10:13:17","modified_gmt":"2023-11-27T13:13:17","slug":"toallas-humedas-desmaquillantes-y-g-x25-uni","status":"publish","type":"product","link":"https:\/\/www.sagrin.com\/index.php\/producto\/toallas-humedas-desmaquillantes-y-g-x25-uni\/","title":{"rendered":"TOALLAS H\u00daMEDAS DESMAQUILLANTES Y.G. x25 uni"},"content":{"rendered":"<p>Toallitas demaquillantes con t\u00e9 verde, mansanilla y vitamina E. PH 5.5. Doble acci\u00f3n: demaquillante e hidratante. No contiene alcohol. Medida de la toallita: 15 x 20 cm.<\/p>\n","protected":false},"excerpt":{"rendered":"<p>TOALLAS H\u00daMEDAS DESMAQUILLANTES Y.G. x25 uni<\/p>\n","protected":false},"featured_media":9081,"template":"","meta":[],"pwb-brand":[197],"product_brand":[],"product_cat":[366,622],"product_tag":[290,328,330,134,301],"class_list":{"0":"post-9080","1":"product","2":"type-product","3":"status-publish","4":"has-post-thumbnail","6":"pwb-brand-youngirl","7":"product_cat-maquillaje-2","8":"product_cat-youngirl-skin-care","9":"product_tag-desmaquillante","10":"product_tag-humedas","11":"product_tag-toalla","12":"product_tag-toallas","13":"product_tag-youngirl-2","14":"sales-flash-overlay","15":"woocommerce-text-align-center","16":"woocommerce-image-align-center","17":"do-quantity-buttons","19":"first","20":"instock","21":"shipping-taxable","22":"product-type-simple"},"aioseo_notices":[],"brands":[{"id":197,"name":"YOUNGIRL","slug":"youngirl"}],"_links":{"self":[{"href":"https:\/\/www.sagrin.com\/index.php\/wp-json\/wp\/v2\/product\/9080","targetHints":{"allow":["GET"]}}],"collection":[{"href":"https:\/\/www.sagrin.com\/index.php\/wp-json\/wp\/v2\/product"}],"about":[{"href":"https:\/\/www.sagrin.com\/index.php\/wp-json\/wp\/v2\/types\/product"}],"wp:featuredmedia":[{"embeddable":true,"href":"https:\/\/www.sagrin.com\/index.php\/wp-json\/wp\/v2\/media\/9081"}],"wp:attachment":[{"href":"https:\/\/www.sagrin.com\/index.php\/wp-json\/wp\/v2\/media?parent=9080"}],"wp:term":[{"taxonomy":"pwb-brand","embeddable":true,"href":"https:\/\/www.sagrin.com\/index.php\/wp-json\/wp\/v2\/pwb-brand?post=9080"},{"taxonomy":"product_brand","embeddable":true,"href":"https:\/\/www.sagrin.com\/index.php\/wp-json\/wp\/v2\/product_brand?post=9080"},{"taxonomy":"product_cat","embeddable":true,"href":"https:\/\/www.sagrin.com\/index.php\/wp-json\/wp\/v2\/product_cat?post=9080"},{"taxonomy":"product_tag","embeddable":true,"href":"https:\/\/www.sagrin.com\/index.php\/wp-json\/wp\/v2\/product_tag?post=9080"}],"curies":[{"name":"wp","href":"https:\/\/api.w.org\/{rel}","templated":true}]}}